ctor of 88 and 461428.
44
Calculate the highest common factor of 1072712 and 104.
8
Calculate the highest common divisor of 2540837 and 1326.
221
Calculate the greatest common factor of 2244 and 16524.
204
Calculate the greatest common divisor of 40451 and 76.
19
What is the greatest common divisor of 17 and 30578971?
17
Calculate the highest common factor of 79100 and 280.
140
What is the greatest common divisor of 1652 and 15812?
236
What is the greatest common factor of 139 and 1021?
1
Calculate the greatest common divisor of 333 and 10539.
9
What is the greatest common factor of 311036 and 44?
44
What is the highest common factor of 595 and 1820?
35
What is the greatest common factor of 292 and 57962?
146
Calculate the greatest common divisor of 2361348 and 792.
396
Calculate the highest common factor of 55 and 165055.
55
Calculate the highest common divisor of 257495 and 196.
49
Calculate the greatest common divisor of 242586 and 27.
9
What is the highest common divisor of 203413 and 7?
7
Calculate the highest common divisor of 4537 and 112029.
349
Calculate the greatest common divisor of 72 and 134838.
18
What is the greatest common factor of 9500826 and 6?
6
What is the greatest common divisor of 11063 and 391?
23
What is the greatest common divisor of 130 and 15516020?
130
What is the greatest common factor of 25918 and 6?
2
What is the greatest common factor of 16110 and 150?
30
What is the highest common divisor of 597 and 39?
3
What is the highest common divisor of 391 and 3671881?
391
What is the highest common divisor of 45206 and 217?
7
What is the greatest common divisor of 2856 and 20298?
102
Calculate the highest common divisor of 7514 and 31174.
26
Calculate the greatest common divisor of 860101 and 11.
11
What is the highest common divisor of 447414 and 330?
66
What is the greatest common divisor of 143946 and 198?
198
What is the greatest common factor of 1428036 and 2832?
708
What is the highest common factor of 4171 and 15035?
97
What is the greatest common factor of 10038 and 27552?
42
Calculate the greatest common factor of 11718 and 915678.
1674
What is the greatest common divisor of 96 and 781224?
24
What is the greatest common factor of 41644 and 5385?
359
Calculate the highest common divisor of 30 and 317145.
15
What is the greatest common factor of 18 and 21914?
2
What is the highest common divisor of 74060 and 3920?
140
Calculate the highest common divisor of 1707 and 1119.
3
What is the greatest common divisor of 5267 and 690?
23
What is the highest common divisor of 137074 and 518?
14
Calculate the highest common factor of 23693 and 16340.
817
Calculate the highest common factor of 112469 and 3.
1
What is the greatest common divisor of 229859 and 2842?
49
What is the highest common divisor of 2346 and 633811?
391
Calculate the greatest common factor of 84392 and 3058.
22
What is the highest common factor of 120965 and 585?
65
What is the highest common divisor of 152 and 75373?
19
What is the highest common divisor of 51458 and 143?
11
What is the highest common factor of 564 and 20257?
47
Calculate the greatest common divisor of 27276 and 4620.
12
What is the greatest common divisor of 105 and 18780?
15
Calculate the greatest common divisor of 3749 and 368.
23
What is the highest common divisor of 41 and 13571?
41
What is the greatest common factor of 117 and 76401?
117
Calculate the greatest common divisor of 599261 and 403.
403
Calculate the greatest common factor of 2889 and 78975.
27
What is the highest common divisor of 42 and 56094?
6
Calculate the highest common divisor of 248 and 1421536.
248
What is the greatest common factor of 5875 and 700?
25
What is the highest common divisor of 1371 and 75?
3
What is the highest common divisor of 38056 and 426?
142
What is the greatest common factor of 384 and 7376?
16
What is the greatest common divisor of 1162798 and 39?
13
Calculate the highest common factor of 7157 and 5473.
421
What is the highest common divisor of 212 and 115858?
106
Calculate the highest common divisor of 7504 and 4.
4
Calculate the greatest common factor of 49805 and 2100.
35
What is the greatest common factor of 2606380 and 14?
14
What is the greatest common divisor of 2264323 and 249?
83
What is the highest common factor of 730 and 1307795?
365
What is the highest common divisor of 2 and 68249?
1
What is the greatest common factor of 3780 and 175?
35
Calculate the highest common divisor of 406266 and 68.
34
What is the highest common factor of 92175 and 300?
75
Calculate the highest common factor of 2677518 and 3078.
342
What is the greatest common factor of 24 and 186152?
8
Calculate the highest common factor of 553301 and 21.
7
Calculate the highest common factor of 19094 and 142.
2
Calculate the greatest common factor of 150423 and 114.
57
Calculate the highest common divisor of 81632 and 256.
32
What is the highest common factor of 138 and 558164?
46
Calculate the highest common factor of 927 and 682581.
309
What is the highest common divisor of 3176 and 456?
8
Calculate the highest common divisor of 6215 and 27126.
11
Calculate the highest common factor of 25650 and 11875.
475
What is the greatest common divisor of 201906 and 198?
18
What is the highest common divisor of 40 and 955?
5
What is the highest common factor of 2280 and 5640?
120
Calculate the greatest common divisor of 231 and 77484.
33
What is the greatest common divisor of 2623159 and 4389?
1463
Calculate the highest common factor of 1415150 and 248.
62
Calculate the highest common divisor of 1186 and 16427286.
1186
What is the greatest common divisor of 200820 and 75?
15
Calculate the highest common divisor of 83 and 133381.
83
Calculate the greatest common divisor of 5742 and 15921.
261
Calculate the highest common factor of 103137 and 1674.
93
What is the greatest common divisor of 1446 and 18?
6
Calculate the highest common divisor of 804 and 906711.
201
What is the highest common factor of 58248 and 96?
24
What is the greatest common factor of 18 and 10128?
6
Calculate the highest common divisor of 17856 and 42.
6
What is the greatest common divisor of 108 and 6168?
12
Calculate the greatest common divisor of 1904 and 112.
112
Calculate the greatest common divisor of 744 and 552.
24
What is the highest common divisor of 18095 and 15745?
235
Calculate the highest common divisor of 3003 and 10549.
77
Calculate the highest common factor of 75760 and 280.
40
What is the highest common divisor of 50 and 196640?
10
What is the highest common divisor of 2832 and 594012?
708
What is the greatest common divisor of 109230 and 255?
15
Calculate the highest common factor of 688 and 2022290.
86
What is the greatest common divisor of 8 and 8904?
8
What is the greatest common factor of 3655 and 645?
215
What is the greatest common divisor of 172 and 66478?
86
What is the highest common divisor of 218 and 108782?
218
What is the highest common divisor of 216 and 77304?
24
What is the greatest common factor of 17805 and 15?
15
What is the highest common factor of 184 and 902152?
184
What is the highest common divisor of 42158 and 2758?
394
Calculate the highest common factor of 186452 and 42.
14
Calculate the highest common divisor of 1036 and 19906.
74
Calculate the highest common factor of 278 and 51847.
139
What is the highest common divisor of 171630 and 90?
90
Calculate the highest common factor of 333725 and 14.
7
What is the highest common factor of 7740 and 3655?
215
What is the highest common factor of 95432 and 3020?
604
What is the highest common factor of 1420 and 1129610?
710
Calculate the greatest common divisor of 12 and 22398.
6
What is the highest common factor of 62170 and 20?
10
What is the highest common factor of 83448 and 1026?
342
What is the highest common divisor of 7500 and 4467500?
2500
What is the highest common divisor of 133009 and 69?
23
Calculate the greatest common factor of 2956 and 188.
4
What is the highest common divisor of 170 and 66215?
85
What is the greatest common divisor of 30 and 62085?
15
What is the greatest common factor of 176 and 2032976?
176
What is the greatest common divisor of 2050 and 5002?
82
What is the highest common divisor of 605 and 56023?
121
What is the greatest com